ivisor of 11 and s.
11
Let o(s) = -2*s**2 - 15*s - 2. Let v be o(-7). Suppose 0 = -2*q + 8, p + 2*q = v*q - 6. Calculate the greatest common factor of 24 and p.
6
Let w(n) = -3*n + 3*n + 3*n. Let l be w(6). Suppose 159 = -3*h + 429. Calculate the greatest common factor of l and h.
18
Let l = 60 - 61. Let m be 4*l/(-4) - -70 - 2. Suppose -c - 10 = -6*c, -4*q - 2*c + 188 = 0. Calculate the highest common divisor of q and m.
23
Let z(r) = 2*r**2 - 6*r - 480. Let i be z(20). Suppose 0 = 4*b - 0*b - 80. What is the greatest common factor of i and b?
20
Suppose 0*h + 7*h = 455. Calculate the highest common factor of h and 39.
13
Suppose -21*j + 22587 = -5007. What is the greatest common factor of 18 and j?
18
Let j be (4/5)/(6/585). Let l be (-4)/(-2) + j/6. Suppose 4*y - 667 = -4*q - q, -5*q - 2*y = -671. What is the greatest common divisor of q and l?
15
Suppose 0 = 3*m - 6, -m = 2*z - 4. Let j = 6 + z. Calculate the highest common divisor of 21 and j.
7
Suppose -19*k + 1040 = -765. Calculate the highest common divisor of k and 5.
5
Let w(t) = 24*t**2 + 1. Let s be w(-1). Let a be 1560/s + (-3)/(-5). Let d be (-73)/(-8) + (-3)/24. What is the greatest common factor of d and a?
9
Suppose 0 = 3*j - m - 416, -m = 3*j + j - 543. Let q = -163 - -98. Let r = q + j. Calculate the greatest common divisor of r and 9.
9
Let z be (-1)/(-3)*(1 + 80). Suppose -w + 9*b = 4*b - z, -2*w - b = -54. Calculate the highest common divisor of w and 135.
27
Let z(q) be the second derivative of q**2 + 1/5*q**5 + 0 - 1/3*q**3 - 1/12*q**4 - q. Let s be z(1). Calculate the greatest common factor of 1 and s.
1
Suppose -2 = -4*k + 2. Let b(n) = 3*n + 20. Suppose -2*r = 3*v + 10, -5*r - 3*v - 15 - 10 = 0. Let y be b(r). Calculate the highest common divisor of y and k.
1
Suppose 4*y = 5*k - 0*y - 60, 0 = 5*k + 2*y - 30. Suppose 2*j - j - 3*w - 37 = 0, -3*j + w + 119 = 0. What is the greatest common divisor of k and j?
8
Suppose 3*z = -z + 64. Suppose 0*a = 21*a - 63. Suppose -a*i - z = -7*i. What is the greatest common factor of 2 and i?
2
Suppose 2*w = 323 + 269. Calculate the greatest common factor of 222 and w.
74
Suppose -31*a + 8505 = 14*a. Suppose -p = -2*p + 21. Calculate the highest common factor of p and a.
21
Let t = -206 + 81. Let b(o) = -o**3 + 10*o**2 - 2*o + 19. Let c be b(10). Let q be t/5*(c + 0). What is the greatest common factor of 10 and q?
5
Suppose -7*u + 197 = -433. Calculate the greatest common factor of 10 and u.
10
Let u = 639 + -486. Calculate the greatest common divisor of 17 and u.
17
Suppose -840 + 222 = -6*l. Let n = l - 76. Calculate the highest common divisor of 81 and n.
27
Suppose -3*q - 19 + 52 = 0. Suppose 3*r = 2*r + 5. Let k be 273/r - (-8)/20. Calculate the greatest common factor of q and k.
11
Suppose 0 = -i + 2*i - 18. What is the greatest common factor of 198 and i?
18
Let h = -590 - -662. Calculate the greatest common factor of 162 and h.
18
Let n = 217 - 199. Calculate the highest common factor of n and 144.
18
Suppose 5*q - 167 = 638. Let m = -44 + q. Suppose 0 = -0*z - 2*z + 26. Calculate the highest common factor of m and z.
13
Let d = 1515 + -1485. What is the highest common divisor of d and 320?
10
Let s(t) = -t**3 - 9*t**2 - 13*t - 3. Let d be s(-9). Suppose -k - 2*k + d = 0. Calculate the greatest common factor of k and 38.
38
Let g = 76 - 20. Let y(w) = 2*w**2 + 5*w - 17. Let k(t) = -t**2 - 3*t + 5. Let r be k(2). Let i be y(r). Calculate the highest common factor of g and i.
8
Suppose -11*a = -2607 + 1287. Calculate the highest common divisor of 1140 and a.
60
Let u(k) = 4*k**3 + 3*k**2 + k - 6. Let w be u(3). Let x be (w/42)/(2/14). What is the highest common divisor of x and 11?
11
Let n be ((-16)/12)/(4/6). Let a be (-1)/((n/(-4))/(6/(-12))). Calculate the greatest common divisor of a and 2.
1
Suppose 9*c - 5*c = -12, 2*s = 3*c + 41. Suppose 0 = -7*p + p + 48. Calculate the highest common factor of p and s.
8
Let n be (2 + 0)/(-2 - 24/(-13)). Let a(w) = -w**2 - 13*w + 31. Let h be a(n). What is the greatest common factor of h and 62?
31
Let r be 294*4*(-70)/(-120). What is the greatest common divisor of 14 and r?
14
Let q(c) = 8*c**2 + 4*c - 3. Let x be q(-5). Suppose 47 = -4*l - x. Let t be l/(-10) + 18/(-30). Calculate the highest common divisor of 2 and t.
1
Suppose -5*n = 2*d - 47, 4*n - 39 = -5*d + 2*d. Suppose n*h - 178 = 146. What is the greatest common factor of h and 24?
12
Suppose -2*x = 3*y - 33, -4*y = -6*y - 3*x + 27. Calculate the greatest common divisor of y and 738.
9
Let w be -6 + (2 + -4 - 1) + 44. Calculate the greatest common factor of w and 35.
35
Suppose 4*q = 12, 0 = -3*r - r - 3*q + 129. Let y = -16 - 5. Let k be (y/14)/(1/(-10)). Calculate the greatest common factor of r and k.
15
Let q(l) = -l - 3. Let m = 28 - 23. Let n be (-74)/10 - 3/m. Let s be q(n). Calculate the highest common factor of 55 and s.
5
Suppose -3*f + 3*j = -210, -5*f + 370 = 12*j - 7*j. What is the greatest common factor of f and 36?
36
Let s(g) = 11*g**2 + 4. Let v be ((-6)/21)/((-1)/7). Let y be s(v). What is the greatest common factor of y and 12?
12
Let c = 177 - 159. Calculate the greatest common divisor of c and 162.
18
Suppose 4*z = -z + 2*d + 2, 0 = -2*z - 4*d - 4. Suppose p = -5*y - 330, 0*p + 5*p = z. Let u = 6 - y. What is the highest common factor of u and 48?
24
Let i(f) = f - 2. Suppose 24*a = 6*a + 144. Let o be i(a). Calculate the highest common factor of 12 and o.
6
Let a(r) = -r**3 + 11*r**2 + r - 9. Let n = 0 + 3. Suppose -3*b - 29 = -n*v - b, -3*b = -5*v + 49. Let s be a(v). What is the highest common factor of 10 and s?
2
Suppose 3*n + 7 = 2*o, o + 0*o - 3*n = -4. Let c be o/(2/(-6)*(0 - 3)). What is the greatest common divisor of 1 and c?
1
Let i(s) be the third derivative of -s**4/12 - 31*s**3/6 + 2*s**2. Let c be i(-16). What is the greatest common divisor of 1 and c?
1
Suppose 9*g - 6*g = 9. Suppose -g*v + 0*v + 165 = 0. Let k be v*4/(-1 + 5). Calculate the highest common divisor of 11 and k.
11
Suppose 21 = 4*g - 19. Suppose -4*s + r + 310 = -53, 3*s - 261 = -3*r. Let o = s - 75. Calculate the highest common divisor of o and g.
5
Suppose 6*v - 5*v = 5*a + 3, 81 = 4*v + 3*a. What is the greatest common divisor of v and 306?
18
Suppose -45 = -5*f - 3*d, -f + 3*d = -d - 9. Let p(j) = j**3 - 3*j**2 - 3*j - 5. Let n be p(5). Let u = 57 - n. What is the greatest common factor of u and f?
9
Suppose -292 = -3*s + o, 2*o + 0*o + 8 = 0. What is the greatest common factor of 240 and s?
48
Let d(w) be the first derivative of 7/2*w**2 - 5 + 2*w. Let j be d(3). What is the greatest common factor of j and 23?
23
Let i(j) = -2*j + 9 + 2*j + 2*j - 7. Let z be i(7). What is the highest common divisor of z and 16?
16
Suppose 5*z = z. Suppose 2*a + a - 27 = z. Suppose 3*j - 4*j - 1 = -5*d, 3*j - d = 25. What is the greatest common divisor of j and a?
9
Suppose -2*j - 9250 = -3*o, -47*o + 3*j + 9252 = -44*o. Calculate the highest common factor of 23 and o.
23
Suppose 9*b = -0*b + 162. Let f be -25 - -25 - (1 - 0 - b). What is the greatest common factor of 17 and f?
17
Let l = 4 + 2. Suppose 136 = 2*a + l*a. What is the greatest common divisor of a and 51?
17
Let c = 28 - -12. Calculate the highest common factor of 260 and c.
20
Suppose -3*g + 30 = -5*l, 34*l + 30 = g + 39*l. What is the highest common factor of 30 and g?
15
Suppose 11207 = 4*h - 105. What is the greatest common divisor of 28 and h?
28
Suppose -27*p = -29*p + 10. Suppose 2*f - 1 = 3*k, 0*f + p*f - 31 = -2*k. Suppose k*m - 9 = 18. Calculate the highest common factor of m and 72.
9
Let c(x) = x + 66. Let i be c(-24). Let v = 54 - i. Let p = 59 + -35. What is the highest common factor of p and v?
12
Suppose -16 = 22*b - 18*b, 20 = 4*k - 3*b. Suppose 0 = -5*j - 5*q + 25, 2*j - 3*q + 3 = 3*j. What is the highest common factor of j and k?
2
Let k = -29 + 38. Let w = k + 2. What is the highest common divisor of w and 88?
11
Let t = 810 - 501. Suppose -4*w - 71 = -u, -3*u + t = 2*u + 3*w. Let d(y) = -168*y - 294. Let v be d(-2). Calculate the greatest common factor of u and v.
21
Suppose -114*k = -133*k + 31806. Calculate the highest common divisor of k and 36.
18
Let a be ((-10)/(-6))/(30/36). Let v be (a + -3)/(1/(-108)). What is the greatest common divisor 